rs of m?
3, 5
Let j = 26 + 514. List the prime factors of j.
2, 3, 5
Let p be (1/(-5))/((36/30)/(-6)). Suppose 2*a + 5 = p, -3*a + 829 = 5*t. List the prime factors of t.
167
Let m(f) = f**3 - 5*f**2 - 6*f + 5. Let u be m(6). Suppose -u*b = -5*v + 215, -4*v + 156 = 3*b + b. What are the prime factors of v?
41
Let y(w) = -w**3 + 9*w**2 - 6*w - 2. Let t be y(-7). Suppose 0 = -q - 3*q - t. What are the prime factors of (-14)/(-35) + q/(-10)?
3, 7
Let g(t) = 17 + t**3 + 51*t**2 + 49*t**2 - 2*t - 102*t**2. List the prime factors of g(0).
17
Let o(p) = -p**3 - 4*p**2 + 3*p - 10. Let j be o(-5). Suppose 5*t + 365 = 5*m, j*m - 75 = t + m. Let y = -30 - t. List the prime factors of y.
2, 11
Let p(w) = 311*w**2 + 6*w - 1. List the prime factors of p(2).
5, 251
Let o(w) = -9*w**3 - w**2. Let s be o(-1). Let j = s - 4. Suppose 0*a = -j*a + 88. List the prime factors of a.
2, 11
List the prime factors of (-5 + -81*5)*-1.
2, 5, 41
Suppose 0*t + 210 = 2*t. Suppose 2*c = 2*r - 126, 0 = r + 3*c - 74 - 5. Let h = t - r. List the prime factors of h.
2, 19
Let p(a) = a**2 + 3*a - 4. Let o be p(-5). List the prime factors of (-1948)/(-15) + o/45.
2, 5, 13
Suppose 3*x = -5*x. Suppose 3*m - m - 4 = x. Suppose 35 = c + m*d, 0*d - d - 41 = -c. What are the prime factors of c?
3, 13
Let v(y) = -y**2 + 5*y + 4. Let b = 21 - 16. Let m be v(b). Suppose 4*q + m*c - 37 = c, -q - 5*c + 22 = 0. What are the prime factors of q?
7
Let j(s) = s**2 + 4*s - 8. Let p be j(-6). Suppose 0 = 7*m - p*m - 129. Suppose m + 112 = 5*z. List the prime factors of z.
31
Suppose -4*g = 5*p + 5, -11 - 2 = -p + 2*g. Suppose -3*j - 4*l - 47 = -565, 0 = p*j + 2*l - 514. List the prime factors of j.
2, 5, 17
Let p = -73 + 75. Suppose -4*w = -p*v - 366, 3*w - 369 = -w - v. What are the prime factors of w?
2, 23
Suppose 0 = q - 5*o - 28, q - 1 = -q - o. Suppose 0 = 2*v - 4 - 0, -q*v = 4*u - 362. List the prime factors of u.
89
Suppose 23*n - 33*n = -630. What are the prime factors of n?
3, 7
Suppose -11*l + 14*l = 324. Suppose l = 5*p + 18. List the prime factors of p.
2, 3
Let g(k) be the first derivative of 5*k**3/3 - 3*k**2 - 7*k - 13. What are the prime factors of g(5)?
2, 11
Let c(k) = 17*k**3 - 17*k**2 + 2*k - 4. What are the prime factors of c(7)?
2, 313
Let v(k) = -5*k**2 + k - 2. Let n be v(2). Let w be 46/(-10) + 8/n. Let u = 24 + w. List the prime factors of u.
19
Let q be (-2037)/(-14)*4/6. Let l = q - 67. Suppose -l = -4*u + 22. What are the prime factors of u?
13
Suppose -3*s - 5*w + 1066 = 0, w - 342 = -s + 6*w. Let b = -199 + s. What are the prime factors of b?
3, 17
Suppose 0 = 132*m - 133*m + 384. What are the prime factors of m?
2, 3
Let z(g) = g**2 + 8*g + 3. Let n be z(-6). List the prime factors of (-375)/(-9) + 6/n.
41
Let c(u) = -u**3 + 6*u**2 - u + 15. Let w be c(6). Suppose 8*z - w*z = -2. List the prime factors of z*(-2 - 15*-1).
2, 13
Suppose 325 = -3*k - 2*k. What are the prime factors of (k/(-25))/(2/10)*1?
13
Let r(q) = -14*q**3 + 40*q**2 + 74*q - 62. Let z(m) = -5*m**3 + 13*m**2 + 25*m - 21. Let c(i) = 4*r(i) - 11*z(i). What are the prime factors of c(18)?
37
Let r = -341 - -606. List the prime factors of r.
5, 53
Let f be (2/(-2))/(2/18). Let z = 3 + f. Let d(y) = -y**2 - 12*y - 3. What are the prime factors of d(z)?
3, 11
Suppose 4*o - 137 = 5*x, -3*x = -5*x + 3*o - 52. Let d = 204 - x. What are the prime factors of d?
233
Suppose r + 56 = 3*w, -8 = w - 5*w. Let b(o) = -18*o + 2. Let c be b(2). Let n = c - r. What are the prime factors of n?
2
Let l(r) = r**3 - 6*r**2 + 8*r + 3. Let i be l(4). Suppose -4*z = -3*u + 71, u - i*z - 23 = -z. List the prime factors of u.
5
Suppose 3*d + 12 = 6*d. Suppose z + 13 = -d*r, -4*z + 2*r = -r - 43. Let k(h) = h**3 - 5*h**2 - 10*h + 8. What are the prime factors of k(z)?
2, 3
Suppose -3*v + z = 36, -3*v - 5*z - 39 = -3. Let n be (-2)/v + (-98)/12. Let u = n - -23. What are the prime factors of u?
3, 5
Let y be (8/(-12))/(4/(-6)). List the prime factors of (y - 2241/(-15)) + (-2)/5.
2, 3, 5
Suppose 64*w - 54*w = 9740. What are the prime factors of w?
2, 487
List the prime factors of 0 - 1*(1 - 501) - 5.
3, 5, 11
Suppose -32*l = -6876 - 1572. What are the prime factors of l?
2, 3, 11
Let h(f) = 33*f - 11. Let w be h(-6). Let m = w - -12. Let i = -140 - m. List the prime factors of i.
3, 19
Let c be 0 - (3 + -3)/4. Let g be (c - 2/4)*-2. What are the prime factors of 34/((3 - g)/1)?
17
Let j(b) = 3*b**2 + 2 - 9 + 4*b - 2*b**3 + 11*b**2 - 8. List the prime factors of j(6).
3
Suppose 0*u - 3922 = -4*z + 2*u, 3931 = 4*z - 5*u. List the prime factors of z.
11, 89
Suppose -7*t + 117 = -4*t. Let a = t - 36. List the prime factors of a.
3
Let p be 5 + -1 + 1*-2. Suppose n - 64 = -3*f, 2*n = -p*n + 2*f + 284. Suppose -4*v + 129 = 3*x, 3*x - 232 + n = -5*v. List the prime factors of v.
3, 11
Let a(b) = -5*b**2 + b. Let d be a(1). Let p(u) = u**2 - 1. Let m(f) = 6*f**2 + 4*f - 8. Let t(i) = m(i) - 3*p(i). List the prime factors of t(d).
3
Suppose -34*t + 31*t = -612. What are the prime factors of t?
2, 3, 17
Let a(v) = -5*v + 79. What are the prime factors of a(-12)?
139
Let w = 468 + -209. Let h = w + -59. What are the prime factors of h?
2, 5
Suppose -4*p = 3*x - 21 - 119, 0 = -2*x - 2*p + 96. Let t(m) = m**2 - 6*m + 1. Let h be t(5). What are the prime factors of -3 + h*x/(-4)?
7
Suppose -5*y + 4*z - 10 = 0, 5*y - 15 = -4*z + 15. Suppose j - g = -0*g + 87, y*g + 257 = 3*j. List the prime factors of j.
83
Suppose 0 = -r + 5, 2*j - 5*r - 13 + 42 = 0. Let l = j - -5. Suppose 3*o - p = 2*p + 57, l*o + 3*p - 87 = 0. List the prime factors of o.
2, 3
Let d = 101 + -100. Let j(i) = i**3 + 4*i**2 - 3*i - 1. Let y be j(-4). Let m = d + y. List the prime factors of m.
2, 3
Let l = 1026 + -577. What are the prime factors of l?
449
Let r = 2 - -6. Let k = r + -41. What are the prime factors of k/(-1) + 0 + 0?
3, 11
Suppose -w - 6 = -2*y, 0 = -y - 8*w + 3*w - 8. Let v(x) = x**2 + 13*x - 28. Let k be v(-16). Suppose y*a = 3*a - k. What are the prime factors of a?
2, 5
Let o = 1579 - -1447. List the prime factors of o.
2, 17, 89
Let t = 478 - -141. What are the prime factors of t?
619
Let s be (((-8)/(-6))/2)/((-10)/(-30)). List the prime factors of -3*202*s/(-8)*2.
3, 101
Suppose 0*i - 5*i + 243 = 2*s, 5*s + 5*i = 630. What are the prime factors of s?
3, 43
List the prime factors of ((-64)/(-12))/(10/1635).
2, 109
List the prime factors of 21452/11 - 44/242.
2, 3, 5, 13
Suppose -36*o = -33*o - 2*r - 1894, -5*r + 1901 = 3*o. List the prime factors of o.
2, 79
Let r(s) = 3*s - 35*s**2 + 44*s**2 + s**3 - 2*s**3 + 5. Let k be r(5). List the prime factors of (9/(-4))/((-9)/k).
2, 3, 5
Let k = 15 + -18. List the prime factors of (7/(28/(-8)) - k)*17.
17
Let k(a) = 32*a**2 - 4*a + 2. Suppose 2*f - 17 = 3*d, -5*f + f = -3*d - 19. List the prime factors of k(f).
2, 3, 5
Suppose -5*o = 1 - 6. Suppose 4*x = -v + 2, 3*v - 5*x = 5 + o. Suppose -v*z = 5*w - 67, -3*w + z - 3*z + 41 = 0. What are the prime factors of w?
13
Suppose -3 = -5*u + 27. Let y be (-9)/(u*(-3)/24). Suppose -h - 1 = -y. What are the prime factors of h?
11
Suppose 0*l = -7*l - 147. Let d = l - -66. Suppose 3*o - 83 = -2*k - 14, 0 = -2*k + 5*o + d. List the prime factors of k.
2, 3, 5
Suppose 0 = 3*t + t + 4*w + 16, -8 = -2*t + 2*w. Suppose k - 1 - 2 = t. Suppose -4*x + 0*d - 2*d + 134 = 0, k*x + 2*d - 100 = 0. List the prime factors of x.
2, 17
Suppose 9*w = -34*w + 129731. List the prime factors of w.
7, 431
Let c = -30 - -30. Suppose 2*w - i - 4 = 57, -2*w - 4*i + 76 = c. List the prime factors of w.
2
Suppose -7*x + 5 = -2*x. Let r be x/(-2) + (-528)/32. Let p = 4 - r. What are the prime factors of p?
3, 7
Suppose -3*q = -12, 18*k - 14*k = 3*q + 968. List the prime factors of k.
5, 7
Suppose -3*z + 29 = w, 6*w - 3*w + z - 79 = 0. Let s = 40 - w. What are the prime factors of s?
2, 7
Let p(b) = -b**3 + b**2 + b + 8. Let c be p(0). Let t(l) = l**3 - 3*l**2 - c - 2*l + 5*l + 0*l. List the prime factors of t(4).
2, 5
Suppose 5*n = -3*i + 7140, -i - 385 = -n + 1043. What are the prime factors of n?
2, 3, 7, 17
Let r = -1 + 11. Suppose u = 2*d - u - r, 0 = -2*u + 6. Suppose 3*q - 1 = d. List the prime factors of q.
3
Let f(k) = -391*k - 97. What are the prime factors of f(-6)?
13, 173
Let r = -2